ate 0 + 6 - ((-20 - -18) + 19 - -52).
-63
What is the value of -25 - (24 + -73) - 12?
12
What is 55 - 121 - -74 - (-2 + -18 + 8)?
20
5 + (2 - (2 - -4)) - (3 + -72 + 71)
-1
What is the value of (2 - -1) + -2 - (12 - 18 - 6)?
13
Calculate 18 - (8 + -6 + -11 - (34 - 45)).
16
(19 - 3) + -15 + (7 - 10)
-2
Evaluate (16 - -48) + -770 + 741.
35
What is 0 + 1 - -9 - (11 + 5 + 23)?
-29
What is 6 + -70 + -8 + (-1 - -14) - (-6 - -3)?
-56
-1259 + 1217 + (17 - 1)
-26
What is the value of 2 - (-9 + 15 - -41)?
-45
(-10 - -13 - -79) + (-34 - -37)
85
29 - ((-12 - -15) + 5 - 19)
40
What is -18 + (17 - -7) - 19 - -21?
8
What is (1 - 6) + 59 + -116 + 50?
-12
-30 + 71 + 2 + 3 + 1
47
Calculate (-1 - -20) + -28 + -8 + 1 + 103.
87
What is the value of 1 - 8 - (-8 - ((10 - 17) + 7))?
1
Calculate 18 + -75 - (-33 + 28 - 26).
-26
What is the value of -19 + (103 - 46) - 74?
-36
Calculate 2 + -95 - (-54 + (51 - 38)).
-52
What is the value of 25 + (76 - 10) + -168?
-77
What is (28 - 2) + (10 - 10) + -8?
18
What is the value of 27 - ((245 - 249) + (-3 - -37))?
-3
16 - 28 - -11 - (-13 - (-4 + -1))
7
What is the value of 100 - (4 + -25 + 38 - (18 - -1))?
102
What is (-5 + 25 - 26) + (12 - 20)?
-14
8 - (43 + 55 + -91)
1
What is -274 + 160 + 7 + 159?
52
Evaluate (-36 - -16) + 8 + (-28 - -6).
-34
(12976 - 12964) + -29 + 0
-17
(2 - (2 + 3 + -9)) + -7
-1
14 - -1 - (-8 + 14 + (-52 - 71) - -24)
108
What is the value of 30 - (-9 - (-41 + 25) - (0 + 20))?
43
Evaluate (8 - 34 - ((0 - -10) + -34)) + (1 - 13).
-14
-29 - (4 + -43) - (5 + -36)
41
Calculate 159 - (-168 - -106 - -126).
95
What is the value of (-1 - (-2 + -11)) + (-23 - -28) - 4?
13
Calculate (-14 - (-4 + (17 - 1) - (-82 + -6))) + 0.
-114
2 + 99 - (1953 + -1878)
26
What is -188 + 84 - 20 - (6 + 0)?
-130
Calculate 59 - (-36 - (22 - 83)).
34
(-41 - -54 - -7) + -25
-5
What is (-19 + 8 - -25) + -11 - ((-1 - -1) + 60)?
-57
Calculate 40 + (30 - 25 - (-1 + -4) - -12).
62
Evaluate 28 + 23 + -42 + 18 + -127.
-100
-1 + 27 + -45 + 52
33
Evaluate -6 - (-3 - 0 - (-12 + (-18 - (-5 + -11)))).
-17
Calculate (-40 + 77 - -7) + -8.
36
Calculate 47 + (45 - (100 + -14)).
6
What is the value of 1 + 87 + -4 + (103 - 124)?
63
Evaluate (-12 - 2) + (-137 - ((-45 - -16) + 18)).
-140
Evaluate (0 - 3) + -2 - -12 - (-4 - (4 + -7)).
8
What is 29 + -56 + (-4 - -4) + 26?
-1
What is the value of -12 + 2 + 1 + (-32 + 6 + 9 - -1)?
-25
Calculate 86 - (-42 + 125 + -73).
76
What is 0 - (1 + -68) - (62 - (-95 - (-199 + 58)))?
51
Calculate -43 + (22 - -7) - (-41 - (2 + -2)).
27
Evaluate (17 - 25) + -8 + (0 - (-11 - (9 + -17))).
-13
What is (85 - 2) + 2 + -11 + 12 + -14 + 5?
77
Evaluate (-3 - (-5 - 3) - (2 - -9)) + (-23 - -9).
-20
(-99 - 164 - -273) + 1 + 36
47
What is the value of (0 - 3 - 46) + (2 - (22 - 16)) - -5?
-48
What is the value of (-1 + (-14 - 0) - -25) + -23 - (5 + -69)?
51
54 + 1 - (180 - (51 + 94))
20
Evaluate 22 + (7 - (-76 - 8 - -21)) + 1.
93
What is the value of -45 - ((1 - 22) + 14) - (-4 - 10)?
-24
-3 + 21 + -6 + -27
-15
Calculate 75 - (4 - (8 - (4 + 10 - 24 - -2))).
87
Calculate -10 + -124 + 190 - ((2 - -8) + 0 + -3).
49
Calculate -1 + -27 + (1279 - 1295) - 23.
-67
Evaluate 30 + -61 + 31 + (-1 + (65 - 3) - -4).
65
What is -28 - (-43 - 6 - -57 - (4 + -1))?
-33
Calculate 44 + 109 - 290 - -115.
-22
(-48 - -175) + -50 + -47
30
-40 - ((15 - 15) + 23) - -12
-51
What is -68 - (-8 + (8 - 33 - -20)) - 10?
-65
Evaluate (5 - -3) + (-37 + 41 - (8 + 0)) + -20.
-16
Evaluate -16 + (7 + 2 - (-45 - -37)).
1
Calculate (7 - 18) + -10 - (-41 + 31).
-11
Calculate -4 + -48 + (12 - (-14 - -13 - -9)).
-48
Evaluate (-7 + (-1 - -12) - (3 - -1)) + (-15 - -51).
36
What is the value of -40 + 39 + (-9 + 48 - 17)?
21
What is 8 + (5 - -17) - (22 - (3 - -10))?
21
Evaluate 199 - (-35 - -99) - (-20 + (6 - -5 - 5)).
149
Evaluate -9 + (11 - 17) + 54.
39
What is the value of -41 + 5 + (-278 - -353)?
39
What is the value of (-6 - (14 - 23 - -6)) + (101 - 2)?
96
What is the value of 4 + -2 + -10 + (-8 - -12) - -13?
9
What is the value of 11 + 41 + -10 - -25?
67
Calculate 15 + -10 + 7 + 4 + -4 + 28.
40
What is 71 + 58 + -123 - (4 - 77 - 2)?
81
(-72 - -1) + (-109 + 42 - -76) + 3 + 1
-58
What is -5 - -2 - ((19 - (-4 - -26 - 8)) + -32)?
24
What is the value of -10 - -1 - (54 + -107 + -10 + -46)?
100
Evaluate (-9 - -16) + (-3 - 0) + (-74 - -80).
10
Evaluate 38 - -13 - (-556 + 512).
95
Calculate -1 - -2 - (-53 + 62) - -57 - (2 + 4).
43
What is the value of -120 - -67 - -51 - (-2 + 4 - 1)?
-3
What is -205 + 87 + 13 + 2?
-103
Evaluate -595 - -624 - (4 - -16).
9
What is 7 + -27 - -46 - 35?
-9
Evaluate (1 - 98) + -4215 + 4227.
-85
Calculate -297 + 427 - (5 - -35 - 2).
92
What is the value of -68 + (-1 + (1 - 4) - (1 - 14) - 15)?
-74
Evaluate 16 + (35 - ((-10 - -1) + (2 - 5))).
63
2 - 50 - (443 - 509)
18
(-6 + -15 - -52) + (1 - 7) + -5
20
-120 - -4 - ((4 + 10 - 7) + -124 + 105)
-104
Calculate 53 + 89 + -55 + -52.
35
Evaluate 324 + -297 + (9 - -2).
38
Calculate -94 - (-248 - -23) - 10.
121
Calculate (15 - -1 - (36 + -8)) + -70 + 15.
-67
Calculate -11 + 238 + -111 + (1 - -3).
120
What is -1 - -45 - (54 + (8 - 44) - 37)?
63
Calculate 4 + 1 - (-9 - -19) - ((48 - -14) + 6).
-73
Calculate -16 + 3 + -1 + 16 + 35.
37
Calculate 71 + (82 - 68) + -28.
57
What is (6 + -3 - 1 - (-1243 + 1242)) + (-46 - 1)?
-44
What is the value of -86 + (43 - (-62 - -79))?
-60
Evaluate -76 - (5 + 14 + -127).
32
Calculate -12 - (38 + (-6 - 46)).
2
(-15 - (-11 + 30)) + 0 + (4 - 10)
-40
-13 + -38 + (-16 - -27 - -9)
-31
What is 14 + 5 + (4 - 16) + (1 - (0 - 1))?
9
Evaluate 5 + 33 - (-2 + -8 - (1 + 2) - -8).
43
Evaluate (-1 - (0 + -52)) + -3 - (-126 + 106 + 8).
60
Evaluate (-5 - (1 - 0)) + (222 + -448 - -324).
92
What is (-5 - ((-7 - (-3 - -6)) + 5)) + -13?
-13
Calculate 34 + -36 + (33 - 52).
-21
Evaluate 290 + -252 + -1 + -15 - -17.
39
Calculate -12 - (-56 + -18 + 10 + 13 + -16).
55
Evaluate 32 + (21 - (-26 - -53 - 16)).
42
Evaluate (3 - (-2 + (1 - -6))) + (-11 - -22).
9
14 + (45 - 17 - 34)
8
Evaluate (-13 - -26) + (-14 - (-22 - 16)).
37
Calculate 9 + (-9 - 3) + (39 - 24 - 2) + 113.
123
-14 + 9 + -8 + -40 + 48
-5
-3 + 1 + (-4 - -4) + (-139 - -88)
-53
What is 2088 + -2112 + (1 - -147)?
124
What is 174 - 137 - (9 + -3 + 125)?
-94
What is -20 + 133 - (238 + -223)?
98
Evaluate 75 - -1 - (-19 + 0 + 258 + -232).
69
What is 15 + 24 + 14 + -56 - 58?
-61
Evaluate -22 + -80 + (248 - 65).
81
What is (1 - 5) + 1 + 9 + -48 + 6?
-36
Calculate 97 + -91 + 1 + 7 + -1 + 2 + -80.
-65
-10 + (23 - 24 - (17 + 3))
-31
Calculate (-87851 - -87793) + (0 - -1 - 1 - 16).
-74
What is the value of -56 - (-324 - (-244 - -86))?
110
What is the value of (-37 + 25 - -36 - 17) + -2 + 1 + 44?
50
What is (2116 - 2157) + (1 - -72)?
32
Calculate (-1 - -105) + (-2333 - -2279).
50
What is (8 - 10) + 2 + 6 + -4 + 31 - 0?
33
14 + -36 + (3 + -7 - 3)
-29
(3 - -4) + (-10 - (-35 - -3))
29
Evaluate (0 - 4) + -5 + (46 - 1).
36
-4 + (5 - (-4 - -11)) - (-12 + -2)
8
-78 - (-14 - -4 - ((0 - -2) + 3 + 0))
-63
Calculate 22 + 0 - (-88 + 77 - 12).
45
Evaluate -30 + 18 + 17 + -12 - -55.
48
Evaluate -9 + (-25 - -54) + 9 + -1.
28
What is (-117 - -116) + (34 - (0 + -2)) + -5 + -5?
25
Evaluate 63 + (-2 - (7 + -5)) + (5 + -13 - -4).
55
What is the value of -9 + -5 - (27 - 49) - -4?
12
What is the value of 22 + -7 + (-1 - (-2 + 9)) + -10 - -130?
127
Calculate 12 + 0 - -1 - (-85 + 96 - -91).
-89
What is the value of (23 + -6 - (6 + 0)) + (7 - 13) + 124?
129
What is (5 - (19 + -14 + 1 + (-86 - -86))) + -101?
-102
Evaluate -15 + 33 + (-16 - -17) + -9 + 1.
11
95 + -45 + -54 - 75
-79
Calculate 2285 + -2253 + (0 - 29) - (0 + -9).
12
Calculate (3 - -82 - (-5 - -9)) + (140 - 132).
89
What is (1 - 0 - (41 + -38)) + 333 + -289?
42
What is (3 - 2) + 0 + 9?
10
What is the value of 30 - ((-2 - 1) + (43 - (44 - 10)) - -3)?
21
Calculate -1 + 84 - (-1 + 40 - (1486 + -1453)).
77
What is the value of -1 - (14 + -3 + (-67 - -65))?
-10
What is the value of -7 + (-17 - -10) + 14 + -4?
-4
What is the value of 4 + -5 - -103 - (-22 + -20 + 40)?
104
Calculate -35 + 10 + -3 + -9 + 16 + -4 + -15.
-40
-92 - (24 + (34 - (42 + -7)))
-115
What is the value of (5 - -3) + ((1 - (2 - 1)) + 36 - 8)?
36
Calculate -29 + (-9 - -4) - (31 + -7).
-58
What is the value of 61 + 49 + (-58 - 18)?
34
Calculate (123 - 3) + (95 - (186 -